{"id":71,"date":"2012-02-01T10:02:07","date_gmt":"2012-02-01T09:02:07","guid":{"rendered":"http:\/\/www.monika-bluemel.de\/?page_id=71"},"modified":"2012-02-01T13:12:19","modified_gmt":"2012-02-01T12:12:19","slug":"referenzen","status":"publish","type":"page","link":"https:\/\/monika-bluemel.de\/?page_id=71","title":{"rendered":"Referenzen"},"content":{"rendered":"<p>Durch die vielen Jahre B\u00fchnenerfahrung k\u00f6nnte Monika nat\u00fcrlich\u00a0unz\u00e4hlige Referenzen anf\u00fchren &#8211; von der Zeit als Leads\u00e4ngerin des renommierten &#8222;Jochen Lehmann Quintetts&#8220; 1971 bis zu Ihrer heutigen Zeit in Krefeld, wo sie auf zahllose Auftritte f\u00fcr gro\u00dfe Firmen und auch bei st\u00e4dtischen Veranstaltungen wie dem &#8222;Krefelder Cocktail&#8220; zur\u00fcckblicken kann oder als sie bei der &#8222;gr\u00f6\u00dften Stra\u00dfenmodenschau der Welt&#8220; auf der gro\u00dfen B\u00fchne stand.<\/p>\n<p>Darum hier nur ein paar Eindr\u00fccke, die Monikas Kompetenz als S\u00e4ngerin unterstreichen.<\/p>\n<p>1988 &#8211; f\u00fcr Louis Berger GmbH in der Frankfurter Oper<\/p>\n<p>1991 &#8211; Parkhotel &#8222;Krefelder Hof&#8220; mit &#8222;Hot Club West&#8220; Jazz Band<\/p>\n<p>1991 &#8211; Gala im Jazz Club \u00a0der K\u00f6nigsburg Krefeld &#8211; \u00f6ffentliche Veranstaltung pr\u00e4sentiert von Welle Niederrhein<\/p>\n<p>1992 &#8211; Stadtfest Grefrath<\/p>\n<p>1992 &#8211; Soloshow auf dem Stadtfest Kamp-Lintfort<\/p>\n<p>1993 &#8211; Schloss Hugenpoet<\/p>\n<p>verschiedene Auftritte auf der &#8222;Gr\u00f6\u00dften Stra\u00dfenmodenschau der Welt&#8220; in Krefeld, sowie beim &#8222;Krefelder Cocktail&#8220;<\/p>\n<p>Weihnachtsmarkt Kempen<\/p>\n<p>1999 &#8211; Modenschau in Willich<\/p>\n<p>verschiedene Soloshows zu Jubil\u00e4en und anderen Anl\u00e4ssen<\/p>\n","protected":false},"excerpt":{"rendered":"<p>Durch die vielen Jahre B\u00fchnenerfahrung k\u00f6nnte Monika nat\u00fcrlich\u00a0unz\u00e4hlige Referenzen anf\u00fchren &#8211; von der Zeit als Leads\u00e4ngerin des renommierten &#8222;Jochen Lehmann Quintetts&#8220; 1971 bis zu Ihrer heutigen Zeit in Krefeld, wo sie auf zahllose Auftritte f\u00fcr gro\u00dfe Firmen und auch bei st\u00e4dtischen Veranstaltungen wie dem &#8222;Krefelder Cocktail&#8220; zur\u00fcckblicken kann oder als sie bei der &#8222;gr\u00f6\u00dften Stra\u00dfenmodenschau [&hellip;]<\/p>\n","protected":false},"author":2,"featured_media":0,"parent":0,"menu_order":4,"comment_status":"closed","ping_status":"closed","template":"","meta":{"_et_pb_use_builder":"","_et_pb_old_content":"","_et_gb_content_width":""},"_links":{"self":[{"href":"https:\/\/monika-bluemel.de\/index.php?rest_route=\/wp\/v2\/pages\/71"}],"collection":[{"href":"https:\/\/monika-bluemel.de\/index.php?rest_route=\/wp\/v2\/pages"}],"about":[{"href":"https:\/\/monika-bluemel.de\/index.php?rest_route=\/wp\/v2\/types\/page"}],"author":[{"embeddable":true,"href":"https:\/\/monika-bluemel.de\/index.php?rest_route=\/wp\/v2\/users\/2"}],"replies":[{"embeddable":true,"href":"https:\/\/monika-bluemel.de\/index.php?rest_route=%2Fwp%2Fv2%2Fcomments&post=71"}],"version-history":[{"count":5,"href":"https:\/\/monika-bluemel.de\/index.php?rest_route=\/wp\/v2\/pages\/71\/revisions"}],"predecessor-version":[{"id":78,"href":"https:\/\/monika-bluemel.de\/index.php?rest_route=\/wp\/v2\/pages\/71\/revisions\/78"}],"wp:attachment":[{"href":"https:\/\/monika-bluemel.de\/index.php?rest_route=%2Fwp%2Fv2%2Fmedia&parent=71"}],"curies":[{"name":"wp","href":"https:\/\/api.w.org\/{rel}","templated":true}]}}