{"id":51,"date":"2012-01-31T10:02:43","date_gmt":"2012-01-31T09:02:43","guid":{"rendered":"http:\/\/www.monika-bluemel.de\/?page_id=51"},"modified":"2012-02-03T16:38:42","modified_gmt":"2012-02-03T15:38:42","slug":"vita","status":"publish","type":"page","link":"https:\/\/monika-bluemel.de\/?page_id=51","title":{"rendered":"Vita"},"content":{"rendered":"<p>Monika blickt auf eine lange Erfahrung als professionelle S\u00e4ngerin zur\u00fcck. Hier ein Auszug Ihrer wichtigsten Stationen. Einige Eindr\u00fccke Ihrer Karriere erhalten Sie auch in der Bildergalerie.<\/p>\n<h4>1962<\/h4>\n<ul>\n<li>die ersten erfolgreichen Talentshows in Leipzig<\/li>\n<\/ul>\n<h4>1968<\/h4>\n<ul>\n<li>F\u00f6rderung Ihrer Stimme durch Gesangsunterricht bei einer diplomierten Gesangslehrerin<\/li>\n<\/ul>\n<h4>1969<\/h4>\n<ul>\n<li>[singlepic id=4 w=320 h=240 float=]<br \/>\nerster Durchbruch durch Erreichen des 1. Platzes eines hervorragend besetzten Talentwettbewerbs<\/li>\n<\/ul>\n<h4>1969<\/h4>\n<ul>\n<li>Eintritt in das renommierte &#8222;Wolf-Peter-Sextett&#8220;<\/li>\n<\/ul>\n<h4>1971<\/h4>\n<ul>\n<li>[singlepic id=2 w=320 h=240 float=]<br \/>\ndurch \u00fcberdurchschnittliche Leistungen Profi-Vertragsangebot durch die &#8222;Jochen-Lehmann-Combo&#8220;, einer Band der Sonderklasse<\/li>\n<\/ul>\n<h4>1973<\/h4>\n<ul>\n<li>Fester Profivertrag im weltbekannten Panorama-Caf\u00e9 in Leipzig &#8211; Treffpunkt der internationalen Gesch\u00e4ftswelt w\u00e4hrend der Leipziger Fr\u00fchjahrs-\/ Herbstmesse<\/li>\n<\/ul>\n<h4>1975<\/h4>\n<ul>\n<li>erster Auslandsvertrag zum Auftritt in Holland<\/li>\n<\/ul>\n<h4>1977<\/h4>\n<ul>\n<li>Erteilung des offiziellen Berufsausweises durch die DDR zur Berechtigung als Solistin aufzutreten<\/li>\n<\/ul>\n<h4>1985<\/h4>\n<ul>\n<li>Glanzvoller Auftritt im Berliner Palast der Republik<\/li>\n<\/ul>\n<h4>1986<\/h4>\n<ul>\n<li>Engagement zur Internationalen Messe-Modenschau der Stadt Leipzig<\/li>\n<\/ul>\n<h4>1986<\/h4>\n<ul>\n<li>Engagement zur Er\u00f6ffnung der Internationalen Pelzmesse in Leipzig<\/li>\n<\/ul>\n<h4>1987<\/h4>\n<ul>\n<li>H\u00f6hereinstufung durch offizielle Stellen mit eigenem Showprogramm<\/li>\n<\/ul>\n<h4>1987<\/h4>\n<ul>\n<li>Vertrag f\u00fcr die Bundesrepublik Deutschland, der durch Verlassen der DDR nicht mehr erf\u00fcllt werden konnte<\/li>\n<\/ul>\n<h4>1988<\/h4>\n<ul>\n<li>Aufnahme des Liedes &#8222;Schatten der Nacht&#8220;<\/li>\n<\/ul>\n<h4>1989-1991<\/h4>\n<ul>\n<li>Zusammenarbeit mit einem Tonstudio in T\u00f6nisvorst bei Krefeld<\/li>\n<\/ul>\n<h4>1990<\/h4>\n<ul>\n<li>[singlepic id=8 w=320 h=240 float=]<br \/>\nEintritt in die Band &#8222;Hot Club West&#8220;<\/li>\n<\/ul>\n<h4>1991<\/h4>\n<ul>\n<li>[singlepic id=10 w=320 h=240 float=]<br \/>\nGr\u00fcndung der &#8222;Monikas Swing Time Group&#8220;<\/li>\n<\/ul>\n<h4>1992<\/h4>\n<ul>\n<li>Gr\u00fcndung der Agentur &#8222;Rent the Trend&#8220;<\/li>\n<\/ul>\n<h4>1994<\/h4>\n<ul>\n<li>Vorstellung des eigenen Soloprogramms<\/li>\n<\/ul>\n<h4>1994-2006<\/h4>\n<ul>\n<li>Gastspiele bei verschiedenen Bands und Weiterentwicklung des Soloprogramms<\/li>\n<\/ul>\n<h4>2006-heute<\/h4>\n<ul>\n<li>Weiterentwicklung innerhalb der Alleinunterhaltung und Angebot von Karaoke neben der Live-Musik<\/li>\n<\/ul>\n<p>&nbsp;<\/p>\n<p>&nbsp;<\/p>\n","protected":false},"excerpt":{"rendered":"<p>Monika blickt auf eine lange Erfahrung als professionelle S\u00e4ngerin zur\u00fcck. Hier ein Auszug Ihrer wichtigsten Stationen. Einige Eindr\u00fccke Ihrer Karriere erhalten Sie auch in der Bildergalerie. 1962 die ersten erfolgreichen Talentshows in Leipzig 1968 F\u00f6rderung Ihrer Stimme durch Gesangsunterricht bei einer diplomierten Gesangslehrerin 1969 [singlepic id=4 w=320 h=240 float=] erster Durchbruch durch Erreichen des 1. [&hellip;]<\/p>\n","protected":false},"author":2,"featured_media":0,"parent":0,"menu_order":2,"comment_status":"closed","ping_status":"closed","template":"","meta":{"_et_pb_use_builder":"","_et_pb_old_content":"","_et_gb_content_width":""},"_links":{"self":[{"href":"https:\/\/monika-bluemel.de\/index.php?rest_route=\/wp\/v2\/pages\/51"}],"collection":[{"href":"https:\/\/monika-bluemel.de\/index.php?rest_route=\/wp\/v2\/pages"}],"about":[{"href":"https:\/\/monika-bluemel.de\/index.php?rest_route=\/wp\/v2\/types\/page"}],"author":[{"embeddable":true,"href":"https:\/\/monika-bluemel.de\/index.php?rest_route=\/wp\/v2\/users\/2"}],"replies":[{"embeddable":true,"href":"https:\/\/monika-bluemel.de\/index.php?rest_route=%2Fwp%2Fv2%2Fcomments&post=51"}],"version-history":[{"count":11,"href":"https:\/\/monika-bluemel.de\/index.php?rest_route=\/wp\/v2\/pages\/51\/revisions"}],"predecessor-version":[{"id":67,"href":"https:\/\/monika-bluemel.de\/index.php?rest_route=\/wp\/v2\/pages\/51\/revisions\/67"}],"wp:attachment":[{"href":"https:\/\/monika-bluemel.de\/index.php?rest_route=%2Fwp%2Fv2%2Fmedia&parent=51"}],"curies":[{"name":"wp","href":"https:\/\/api.w.org\/{rel}","templated":true}]}}