{"id":100,"date":"2018-05-24T23:51:06","date_gmt":"2018-05-24T22:51:06","guid":{"rendered":"https:\/\/www.monika-bluemel.de\/?page_id=100"},"modified":"2018-05-25T10:22:35","modified_gmt":"2018-05-25T09:22:35","slug":"datenschutzerklaerung","status":"publish","type":"page","link":"https:\/\/monika-bluemel.de\/?page_id=100","title":{"rendered":"Datenschutzerkl\u00e4rung"},"content":{"rendered":"<p>Gem\u00e4\u00df Artikel 13 der europ\u00e4ischen Datenschutzgrundverordnung, nachfolgend auch &#8222;DSGVO&#8220; genannt &#8211; Information an den Betroffenen &#8211; berichten wir \u00fcber die Verarbeitung Ihrer personenbezogenen Daten, nachfolgend &#8222;Daten&#8220; genannt.<\/p>\n<p><strong>Grundlegendes<\/strong><\/p>\n<p>Diese Datenschutzerkl\u00e4rung soll Sie als Nutzer unserer Website \u00fcber die Verarbeitung personenbezogener Daten und deren Verwendung informieren. Da durch neue Technologien und die fortlaufende Weiterentwicklung unseres Webangebotes \u00c4nderungen an dieser Datenschutzerkl\u00e4rung vorgenommen werden k\u00f6nnen, empfehlen wir Ihnen sich die Datenschutzerkl\u00e4rung in regelm\u00e4\u00dfigen Abst\u00e4nden durchzulesen. Wir verzichten im Folgenden darauf Definitionen der verwendeten Begriffe (z.B. \u201cpersonenbezogene Daten\u201d oder \u201cVerarbeitung\u201d) anzuf\u00fchren und verweisen auf Art. 4 DSGVO, wo diese festgehalten sind.<\/p>\n<p><strong>Zugriffsdaten<\/strong><\/p>\n<p>Monika Bl\u00fcmel, Anschrift und Kontaktinformationen k\u00f6nnen dem Impressum entnommen werden, erhebt aufgrund technischer Notwendigkeit unsere Internetseite auf Ihrem Endger\u00e4t entsprechend darzustellen personenbezogene Daten.<\/p>\n<p>Folgende Daten werden so protokolliert:<\/p>\n<ul>\n<li>Besuchte Website<\/li>\n<li>Uhrzeit zum Zeitpunkt des Zugriffes<\/li>\n<li>Menge der gesendeten Daten in Byte<\/li>\n<li>Quelle\/Verweis, von welchem Sie auf die Seite gelangten<\/li>\n<li>Verwendeter Browser<\/li>\n<li>Verwendetes Betriebssystem<\/li>\n<li>Verwendete IP-Adresse<\/li>\n<\/ul>\n<p>Die Server-Logfiles werden f\u00fcr maximal 14 Tage gespeichert und anschlie\u00dfend gel\u00f6scht. Die Speicherung der Daten erfolgt aus Sicherheitsgr\u00fcnden, um z. B. Missbrauchsf\u00e4lle aufkl\u00e4ren zu k\u00f6nnen. M\u00fcssen Daten aus Beweisgr\u00fcnden aufgehoben werden, sind sie solange von der L\u00f6schung ausgenommen bis der Vorfall endg\u00fcltig gekl\u00e4rt ist. Wir behalten uns vor aus Sicherheitsgr\u00fcnden Daten an Strafverfolgungsbeh\u00f6rden weiterzugeben, wenn wir dazu verpflichtet und aufgefordert werden.<\/p>\n<p><strong>Reichweitenmessung &amp; Cookies<\/strong><\/p>\n<p>Diese Website verwendet Cookies zur pseudonymisierten Reichweitenmessung, die entweder von unserem Server oder dem Server Dritter an den Browser des Nutzers \u00fcbertragen werden. Bei Cookies handelt es sich um kleine Dateien, welche auf Ihrem Endger\u00e4t gespeichert werden. Ihr Browser greift auf diese Dateien zu. Durch den Einsatz von Cookies erh\u00f6ht sich die Benutzerfreundlichkeit und Sicherheit dieser Website. Falls Sie nicht m\u00f6chten, dass Cookies zur Reichweitenmessung auf Ihrem Endger\u00e4t gespeichert werden, k\u00f6nnen Sie dies bequem \u00fcber Ihren Browser in den Optionen ausw\u00e4hlen. \u00dcber sog. \u201eDo not track\u201c-Einstellungen teilt Ihr Browser unserer Website mit, dass sich nicht verfolgt werden m\u00f6chten.<\/p>\n<p>G\u00e4ngige Browser bieten die Einstellungsoption, Cookies nicht zuzulassen.<\/p>\n<p><strong>Umgang mit Kontaktdaten<\/strong><\/p>\n<p>Nehmen Sie mit uns als Websitebetreiber durch die angebotenen Kontaktm\u00f6glichkeiten Verbindung auf, werden Ihre Angaben gespeichert, damit auf diese zur Bearbeitung und Beantwortung Ihrer Anfrage zur\u00fcckgegriffen werden kann. Welche Daten im Falle eines Kontaktformulars erhoben werden, ist aus dem jeweiligen Kontaktformular ersichtlich. Ohne Ihre Einwilligung werden diese Daten nicht an Dritte weitergegeben oder zu anderen Zwecken als die Beantwortung Ihrer Anfrage genutzt. Im Anschluss an die Bearbeitung Ihrer Anfrage l\u00f6schen wir die dazu geh\u00f6rigen Informationen und Kontaktdaten.<\/p>\n<p><strong>Rechte des Nutzers<\/strong><\/p>\n<p>Sie haben als Nutzer das Recht, auf Antrag eine kostenlose Auskunft dar\u00fcber zu erhalten, welche personenbezogenen Daten \u00fcber Sie gespeichert wurden. Sie haben au\u00dferdem das Recht auf Berichtigung falscher Daten und auf die Verarbeitungseinschr\u00e4nkung oder L\u00f6schung Ihrer personenbezogenen Daten. Falls zutreffend, k\u00f6nnen Sie auch Ihr Recht auf Datenportabilit\u00e4t geltend machen. Sollten Sie annehmen, dass Ihre Daten unrechtm\u00e4\u00dfig verarbeitet wurden, k\u00f6nnen Sie eine Beschwerde bei der zust\u00e4ndigen Aufsichtsbeh\u00f6rde einreichen.<\/p>\n<p><strong>L\u00f6schung von Daten<\/strong><\/p>\n<p>Sofern Ihr Wunsch nicht mit einer gesetzlichen Pflicht zur Aufbewahrung von Daten (z. B. Vorratsdatenspeicherung) kollidiert, haben Sie ein Anrecht auf L\u00f6schung Ihrer Daten. Von uns gespeicherte Daten werden, sollten sie f\u00fcr ihre Zweckbestimmung nicht mehr vonn\u00f6ten sein und es keine gesetzlichen Aufbewahrungsfristen geben, gel\u00f6scht. Falls eine L\u00f6schung nicht durchgef\u00fchrt werden kann, da die Daten f\u00fcr zul\u00e4ssige gesetzliche Zwecke erforderlich sind, erfolgt eine Einschr\u00e4nkung der Datenverarbeitung. In diesem Fall werden die Daten gesperrt und nicht f\u00fcr andere Zwecke verarbeitet.<\/p>\n<p><strong>Widerspruchsrecht<\/strong><\/p>\n<p>Nutzer dieser Webseite k\u00f6nnen von ihrem Widerspruchsrecht Gebrauch machen und der Verarbeitung ihrer personenbezogenen Daten zu jeder Zeit widersprechen. Wenn Sie eine Berichtigung, Sperrung, L\u00f6schung oder Auskunft \u00fcber die zu Ihrer Person gespeicherten personenbezogenen Daten w\u00fcnschen oder Fragen bzgl. der Erhebung, Verarbeitung oder Verwendung Ihrer personenbezogenen Daten haben oder erteilte Einwilligungen widerrufen m\u00f6chten, wenden Sie sich bitte an Monika Bl\u00fcmel, info@monika-bl\u00fcmel.de<\/p>\n<p>Kontaktinformationen zu unserem Unternehmen entnehmen Sie bitte dem Impressum.<\/p>\n<p>Bitte bedenken Sie, dass wir zu Ihrer eigenen Sicherheit eine Identifikation Ihrer Person durchf\u00fchren m\u00fcssen, bevor wir Auskunft \u00fcber die verarbeiteten Daten geben k\u00f6nnen.<\/p>\n","protected":false},"excerpt":{"rendered":"<p>Gem\u00e4\u00df Artikel 13 der europ\u00e4ischen Datenschutzgrundverordnung, nachfolgend auch &#8222;DSGVO&#8220; genannt &#8211; Information an den Betroffenen &#8211; berichten wir \u00fcber die Verarbeitung Ihrer personenbezogenen Daten, nachfolgend &#8222;Daten&#8220; genannt. Grundlegendes Diese Datenschutzerkl\u00e4rung soll Sie als Nutzer unserer Website \u00fcber die Verarbeitung personenbezogener Daten und deren Verwendung informieren. Da durch neue Technologien und die fortlaufende Weiterentwicklung unseres Webangebotes [&hellip;]<\/p>\n","protected":false},"author":2,"featured_media":0,"parent":0,"menu_order":0,"comment_status":"closed","ping_status":"closed","template":"","meta":{"_et_pb_use_builder":"","_et_pb_old_content":"","_et_gb_content_width":""},"_links":{"self":[{"href":"https:\/\/monika-bluemel.de\/index.php?rest_route=\/wp\/v2\/pages\/100"}],"collection":[{"href":"https:\/\/monika-bluemel.de\/index.php?rest_route=\/wp\/v2\/pages"}],"about":[{"href":"https:\/\/monika-bluemel.de\/index.php?rest_route=\/wp\/v2\/types\/page"}],"author":[{"embeddable":true,"href":"https:\/\/monika-bluemel.de\/index.php?rest_route=\/wp\/v2\/users\/2"}],"replies":[{"embeddable":true,"href":"https:\/\/monika-bluemel.de\/index.php?rest_route=%2Fwp%2Fv2%2Fcomments&post=100"}],"version-history":[{"count":5,"href":"https:\/\/monika-bluemel.de\/index.php?rest_route=\/wp\/v2\/pages\/100\/revisions"}],"predecessor-version":[{"id":135,"href":"https:\/\/monika-bluemel.de\/index.php?rest_route=\/wp\/v2\/pages\/100\/revisions\/135"}],"wp:attachment":[{"href":"https:\/\/monika-bluemel.de\/index.php?rest_route=%2Fwp%2Fv2%2Fmedia&parent=100"}],"curies":[{"name":"wp","href":"https:\/\/api.w.org\/{rel}","templated":true}]}}